{"id":273,"date":"2023-06-09T22:23:08","date_gmt":"2023-06-09T22:23:08","guid":{"rendered":"https:\/\/dra-glorialopez.com\/?page_id=273"},"modified":"2023-06-09T22:29:43","modified_gmt":"2023-06-09T22:29:43","slug":"sobre-mi","status":"publish","type":"page","link":"https:\/\/dra-glorialopez.com\/index.php\/sobre-mi\/","title":{"rendered":"Sobre mi"},"content":{"rendered":"\t\t<div data-elementor-type=\"wp-page\" data-elementor-id=\"273\" class=\"elementor elementor-273\" data-elementor-post-type=\"page\">\n\t\t\t\t\t\t<section class=\"elementor-section elementor-top-section elementor-element elementor-element-3fabd11c elementor-section-boxed elementor-section-height-default elementor-section-height-default\" data-id=\"3fabd11c\" data-element_type=\"section\" data-e-type=\"section\" data-settings=\"{&quot;background_background&quot;:&quot;classic&quot;,&quot;shape_divider_bottom&quot;:&quot;waves&quot;,&quot;shape_divider_bottom_negative&quot;:&quot;yes&quot;}\">\n\t\t\t\t\t\t\t<div class=\"elementor-background-overlay\"><\/div>\n\t\t\t\t\t\t<div class=\"elementor-shape elementor-shape-bottom\" aria-hidden=\"true\" data-negative=\"true\">\n\t\t\t<svg xmlns=\"http:\/\/www.w3.org\/2000\/svg\" viewBox=\"0 0 1000 100\" preserveAspectRatio=\"none\">\n\t<path class=\"elementor-shape-fill\" d=\"M790.5,93.1c-59.3-5.3-116.8-18-192.6-50c-29.6-12.7-76.9-31-100.5-35.9c-23.6-4.9-52.6-7.8-75.5-5.3\n\tc-10.2,1.1-22.6,1.4-50.1,7.4c-27.2,6.3-58.2,16.6-79.4,24.7c-41.3,15.9-94.9,21.9-134,22.6C72,58.2,0,25.8,0,25.8V100h1000V65.3\n\tc0,0-51.5,19.4-106.2,25.7C839.5,97,814.1,95.2,790.5,93.1z\"\/>\n<\/svg>\t\t<\/div>\n\t\t\t\t\t<div class=\"elementor-container elementor-column-gap-default\">\n\t\t\t\t\t<div class=\"elementor-column elementor-col-100 elementor-top-column elementor-element elementor-element-7bc755e9\" data-id=\"7bc755e9\" data-element_type=\"column\" data-e-type=\"column\">\n\t\t\t<div class=\"elementor-widget-wrap elementor-element-populated\">\n\t\t\t\t\t\t<div class=\"elementor-element elementor-element-30b56d64 elementor-invisible elementor-widget elementor-widget-heading\" data-id=\"30b56d64\" data-element_type=\"widget\" data-e-type=\"widget\" data-settings=\"{&quot;_animation&quot;:&quot;fadeIn&quot;,&quot;_animation_delay&quot;:200}\" data-widget_type=\"heading.default\">\n\t\t\t\t<div class=\"elementor-widget-container\">\n\t\t\t\t\t<h1 class=\"elementor-heading-title elementor-size-default\">Sobre mi<\/h1>\t\t\t\t<\/div>\n\t\t\t\t<\/div>\n\t\t\t\t\t<\/div>\n\t\t<\/div>\n\t\t\t\t\t<\/div>\n\t\t<\/section>\n\t\t\t\t<section class=\"elementor-section elementor-top-section elementor-element elementor-element-625241eb elementor-section-boxed elementor-section-height-default elementor-section-height-default\" data-id=\"625241eb\" data-element_type=\"section\" data-e-type=\"section\">\n\t\t\t\t\t\t<div class=\"elementor-container elementor-column-gap-default\">\n\t\t\t\t\t<div class=\"elementor-column elementor-col-50 elementor-top-column elementor-element elementor-element-245e0600\" data-id=\"245e0600\" data-element_type=\"column\" data-e-type=\"column\">\n\t\t\t<div class=\"elementor-widget-wrap elementor-element-populated\">\n\t\t\t\t\t\t<div class=\"elementor-element elementor-element-10ce12d elementor-widget elementor-widget-image\" data-id=\"10ce12d\" data-element_type=\"widget\" data-e-type=\"widget\" data-widget_type=\"image.default\">\n\t\t\t\t<div class=\"elementor-widget-container\">\n\t\t\t\t\t\t\t\t\t\t\t\t\t\t\t<img fetchpriority=\"high\" fetchpriority=\"high\" decoding=\"async\" width=\"1024\" height=\"1024\" src=\"https:\/\/dra-glorialopez.com\/wp-content\/uploads\/2023\/06\/WhatsApp-Image-2023-06-08-at-1.28.39-PM-1-1-1024x1024.jpeg\" class=\"attachment-large size-large wp-image-27\" alt=\"\" srcset=\"https:\/\/dra-glorialopez.com\/wp-content\/uploads\/2023\/06\/WhatsApp-Image-2023-06-08-at-1.28.39-PM-1-1-980x979.jpeg 980w, https:\/\/dra-glorialopez.com\/wp-content\/uploads\/2023\/06\/WhatsApp-Image-2023-06-08-at-1.28.39-PM-1-1-480x480.jpeg 480w\" sizes=\"(min-width: 0px) and (max-width: 480px) 480px, (min-width: 481px) and (max-width: 980px) 980px, (min-width: 981px) 1024px, 100vw\" \/>\t\t\t\t\t\t\t\t\t\t\t\t\t\t\t<\/div>\n\t\t\t\t<\/div>\n\t\t\t\t\t<\/div>\n\t\t<\/div>\n\t\t\t\t<div class=\"elementor-column elementor-col-50 elementor-top-column elementor-element elementor-element-31ec5641\" data-id=\"31ec5641\" data-element_type=\"column\" data-e-type=\"column\">\n\t\t\t<div class=\"elementor-widget-wrap elementor-element-populated\">\n\t\t\t\t\t\t<div class=\"elementor-element elementor-element-6b996fc elementor-widget elementor-widget-heading\" data-id=\"6b996fc\" data-element_type=\"widget\" data-e-type=\"widget\" data-widget_type=\"heading.default\">\n\t\t\t\t<div class=\"elementor-widget-container\">\n\t\t\t\t\t<h6 class=\"elementor-heading-title elementor-size-default\">GLORIA AMPARO LOPEZ ROJAS <\/h6>\t\t\t\t<\/div>\n\t\t\t\t<\/div>\n\t\t\t\t<div class=\"elementor-element elementor-element-76f863a7 elementor-widget elementor-widget-heading\" data-id=\"76f863a7\" data-element_type=\"widget\" data-e-type=\"widget\" data-widget_type=\"heading.default\">\n\t\t\t\t<div class=\"elementor-widget-container\">\n\t\t\t\t\t<h2 class=\"elementor-heading-title elementor-size-default\"> ESPECIALIDAD : MEDICINA INTEGRATIVA, MEDICINA Y CIRUGIA  EST\u00c9TICA, FARMACOLOG\u00cdA DEPORTIVA \n\n<\/h2>\t\t\t\t<\/div>\n\t\t\t\t<\/div>\n\t\t\t\t<div class=\"elementor-element elementor-element-3be2bde elementor-widget elementor-widget-text-editor\" data-id=\"3be2bde\" data-element_type=\"widget\" data-e-type=\"widget\" data-widget_type=\"text-editor.default\">\n\t\t\t\t<div class=\"elementor-widget-container\">\n\t\t\t\t\t\t\t\t\t<p><span style=\"font-weight: 400;\">M\u00e9dica cirujana de la Universidad libre de Cali, con estudios en medicina integrativa entendi\u00e9ndose est\u00e1 como una medicina que engloba la medicina convencional y la natural para incentivar el proceso de autocuraci\u00f3n de nuestro organismo y sin restar importancia \u00a0 a la est\u00e9tica \u00a0 y la belleza ofrezco rejuvenecimiento facial con bioestimuladores de col\u00e1geno, rellenos de \u00e1cido hialur\u00f3nico, Botox, lipoescultura, lipoinjerto gl\u00fateo. Brindo asesor\u00eda en suplementaci\u00f3n y farmacolog\u00eda deportiva. De esta forma garantizo un manejo hol\u00edstico de mis pacientes.\u00a0 Soy un ser humano\u00a0 con\u00a0 gran sentido de compromiso\u00a0 y \u00e9tica profesional.<\/span><\/p><p><span style=\"font-weight: 400;\"><em><strong>SERVICIOS:<\/strong><\/em> medicina integrativa, cirug\u00eda y medicina est\u00e9tica. Consulta m\u00e9dica, Sueroterapia, terapias de quelaci\u00f3n\u00a0 o limpieza arterial con\u00a0 EDTA O DSMO, rejuvenecimiento facial\u00a0 con Botox\u00a0 y aplicaci\u00f3n de bioestimuladores de col\u00e1geno con hidroxiapatita de calcio (Radiesse),\u00a0 rellenos faciales con \u00e1cido hialur\u00f3nico, revitalizaci\u00f3n cut\u00e1nea con vitaminas por mesoterapia\u00a0 (NCTF 125), aplicaci\u00f3n de plasma para regeneraci\u00f3n cut\u00e1nea\u00a0 y articular, cauterizaci\u00f3n de\u00a0 tumores benignos de piel, escleroterapia, \u00a0 lipoescultura, lipoinjerto gl\u00fateo.\u00a0<\/span><\/p><p><span style=\"font-weight: 400;\">-Socio solidario de la Sociedad Colombiana de Anestesiologia y Reanimacion SCARE desde 25 \/11\/1996<\/span><\/p><p><span style=\"font-weight: 400;\">-Miembro activo de la Sociedad Colombiana de Medicina y Cirug\u00eda Est\u00e9tica. desde 2020<\/span><\/p>\t\t\t\t\t\t\t\t<\/div>\n\t\t\t\t<\/div>\n\t\t\t\t<div class=\"elementor-element elementor-element-41b9b0ac elementor-widget-divider--view-line elementor-widget elementor-widget-divider\" data-id=\"41b9b0ac\" data-element_type=\"widget\" data-e-type=\"widget\" data-widget_type=\"divider.default\">\n\t\t\t\t<div class=\"elementor-widget-container\">\n\t\t\t\t\t\t\t<div class=\"elementor-divider\">\n\t\t\t<span class=\"elementor-divider-separator\">\n\t\t\t\t\t\t<\/span>\n\t\t<\/div>\n\t\t\t\t\t\t<\/div>\n\t\t\t\t<\/div>\n\t\t\t\t\t<\/div>\n\t\t<\/div>\n\t\t\t\t\t<\/div>\n\t\t<\/section>\n\t\t\t\t<section class=\"elementor-section elementor-top-section elementor-element elementor-element-15b446f4 elementor-section-boxed elementor-section-height-default elementor-section-height-default\" data-id=\"15b446f4\" data-element_type=\"section\" data-e-type=\"section\" data-settings=\"{&quot;background_background&quot;:&quot;classic&quot;}\">\n\t\t\t\t\t\t\t<div class=\"elementor-background-overlay\"><\/div>\n\t\t\t\t\t\t\t<div class=\"elementor-container elementor-column-gap-default\">\n\t\t\t\t\t<div class=\"elementor-column elementor-col-100 elementor-top-column elementor-element elementor-element-2a857853 elementor-invisible\" data-id=\"2a857853\" data-element_type=\"column\" data-e-type=\"column\" data-settings=\"{&quot;animation&quot;:&quot;zoomIn&quot;}\">\n\t\t\t<div class=\"elementor-widget-wrap elementor-element-populated\">\n\t\t\t\t\t\t<div class=\"elementor-element elementor-element-664da8b elementor-widget elementor-widget-text-editor\" data-id=\"664da8b\" data-element_type=\"widget\" data-e-type=\"widget\" data-widget_type=\"text-editor.default\">\n\t\t\t\t<div class=\"elementor-widget-container\">\n\t\t\t\t\t\t\t\t\t<p><span style=\"font-weight: 400;\">\u00a0<\/span><b>Experiencia Profesional<\/b><\/p><p><span style=\"font-weight: 400;\">-Experiencia como M\u00e9dico y cirujano 1991. en servicio de urgencia<\/span><\/p><p><span style=\"font-weight: 400;\">-Medico Integrativo .2003<\/span><\/p><p><span style=\"font-weight: 400;\">-M\u00e9dico Est\u00e9tico\u00a0 2011<\/span><\/p><p><b>\u00a0Especialidad y Estudios<\/b><\/p><p><span style=\"font-weight: 400;\">-M\u00e9dico y Cirujano universidad libre 1991<\/span><\/p><p><span style=\"font-weight: 400;\">-Diplomado en Medicina Biol\u00f3gica\u00a0 con \u00e9nfasis en Homotoxicolog\u00eda Universidad\u00a0 Libre.2007<\/span><\/p><p><span style=\"font-weight: 400;\">-Curso B\u00e1sico de Terapia Neural y Farmacolog\u00eda Vegetal. Escuela Juan N. Corpas 2004<\/span><\/p><p><span style=\"font-weight: 400;\">-Curso Plasma Rico en Factores de Crecimiento Plaquetario .para tratamiento M\u00e9dicos est\u00e9ticos y regenerativos , CLINIRENOVA .Bogot\u00e1 2013<\/span><\/p><p><span style=\"font-weight: 400;\">-Formaci\u00f3n superior Lipoescultura y Lipoinjerto Gl\u00fateo.<\/span><\/p><p><span style=\"font-weight: 400;\">-Asociaci\u00f3n Colombiana de Medicina Y Cirug\u00eda Est\u00e9tica\u00a0 , Barranquilla 2020.<\/span><\/p>\t\t\t\t\t\t\t\t<\/div>\n\t\t\t\t<\/div>\n\t\t\t\t<div class=\"elementor-element elementor-element-74be93b8 elementor-align-center elementor-widget elementor-widget-button\" data-id=\"74be93b8\" data-element_type=\"widget\" data-e-type=\"widget\" data-widget_type=\"button.default\">\n\t\t\t\t<div class=\"elementor-widget-container\">\n\t\t\t\t\t\t\t\t\t<div class=\"elementor-button-wrapper\">\n\t\t\t\t\t<a class=\"elementor-button elementor-button-link elementor-size-md\" href=\"https:\/\/dra-glorialopez.com\/index.php\/servicios\/\">\n\t\t\t\t\t\t<span class=\"elementor-button-content-wrapper\">\n\t\t\t\t\t\t\t\t\t<span class=\"elementor-button-text\">Ver servicios<\/span>\n\t\t\t\t\t<\/span>\n\t\t\t\t\t<\/a>\n\t\t\t\t<\/div>\n\t\t\t\t\t\t\t\t<\/div>\n\t\t\t\t<\/div>\n\t\t\t\t\t<\/div>\n\t\t<\/div>\n\t\t\t\t\t<\/div>\n\t\t<\/section>\n\t\t\t\t<\/div>\n\t\t","protected":false},"excerpt":{"rendered":"<p>GLORIA AMPARO LOPEZ ROJAS ESPECIALIDAD : MEDICINA INTEGRATIVA, MEDICINA Y CIRUGIA EST\u00c9TICA, FARMACOLOG\u00cdA DEPORTIVA M\u00e9dica cirujana de la Universidad libre de Cali, con estudios en medicina integrativa entendi\u00e9ndose est\u00e1 como una medicina que engloba la medicina convencional y la natural para incentivar el proceso de autocuraci\u00f3n de nuestro organismo y sin restar importancia \u00a0 a [&hellip;]<\/p>\n","protected":false},"author":1,"featured_media":0,"parent":0,"menu_order":0,"comment_status":"closed","ping_status":"closed","template":"elementor_header_footer","meta":{"_et_pb_use_builder":"","_et_pb_old_content":"","_et_gb_content_width":"","_joinchat":[],"footnotes":""},"class_list":["post-273","page","type-page","status-publish","hentry"],"yoast_head":"<!-- This site is optimized with the Yoast SEO Premium plugin v20.4 (Yoast SEO v27.3) - https:\/\/yoast.com\/product\/yoast-seo-premium-wordpress\/ -->\n<title>Sobre mi - Dra. Gloria Lopez<\/title>\n<meta name=\"robots\" content=\"index, follow, max-snippet:-1, max-image-preview:large, max-video-preview:-1\" \/>\n<link rel=\"canonical\" href=\"https:\/\/dra-glorialopez.com\/index.php\/sobre-mi\/\" \/>\n<meta property=\"og:locale\" content=\"es_ES\" \/>\n<meta property=\"og:type\" content=\"article\" \/>\n<meta property=\"og:title\" content=\"Sobre mi\" \/>\n<meta property=\"og:description\" content=\"GLORIA AMPARO LOPEZ ROJAS ESPECIALIDAD : MEDICINA INTEGRATIVA, MEDICINA Y CIRUGIA EST\u00c9TICA, FARMACOLOG\u00cdA DEPORTIVA M\u00e9dica cirujana de la Universidad libre de Cali, con estudios en medicina integrativa entendi\u00e9ndose est\u00e1 como una medicina que engloba la medicina convencional y la natural para incentivar el proceso de autocuraci\u00f3n de nuestro organismo y sin restar importancia \u00a0 a [&hellip;]\" \/>\n<meta property=\"og:url\" content=\"https:\/\/dra-glorialopez.com\/index.php\/sobre-mi\/\" \/>\n<meta property=\"og:site_name\" content=\"Dra. Gloria Lopez\" \/>\n<meta property=\"article:modified_time\" content=\"2023-06-09T22:29:43+00:00\" \/>\n<meta property=\"og:image\" content=\"https:\/\/dra-glorialopez.com\/wp-content\/uploads\/2023\/06\/WhatsApp-Image-2023-06-08-at-1.28.39-PM-1-1-1024x1024.jpeg\" \/>\n<meta name=\"twitter:card\" content=\"summary_large_image\" \/>\n<meta name=\"twitter:label1\" content=\"Tiempo de lectura\" \/>\n\t<meta name=\"twitter:data1\" content=\"2 minutos\" \/>\n<script type=\"application\/ld+json\" class=\"yoast-schema-graph\">{\"@context\":\"https:\\\/\\\/schema.org\",\"@graph\":[{\"@type\":\"WebPage\",\"@id\":\"https:\\\/\\\/dra-glorialopez.com\\\/index.php\\\/sobre-mi\\\/\",\"url\":\"https:\\\/\\\/dra-glorialopez.com\\\/index.php\\\/sobre-mi\\\/\",\"name\":\"Sobre mi - Dra. Gloria Lopez\",\"isPartOf\":{\"@id\":\"https:\\\/\\\/dra-glorialopez.com\\\/#website\"},\"primaryImageOfPage\":{\"@id\":\"https:\\\/\\\/dra-glorialopez.com\\\/index.php\\\/sobre-mi\\\/#primaryimage\"},\"image\":{\"@id\":\"https:\\\/\\\/dra-glorialopez.com\\\/index.php\\\/sobre-mi\\\/#primaryimage\"},\"thumbnailUrl\":\"https:\\\/\\\/dra-glorialopez.com\\\/wp-content\\\/uploads\\\/2023\\\/06\\\/WhatsApp-Image-2023-06-08-at-1.28.39-PM-1-1-1024x1024.jpeg\",\"datePublished\":\"2023-06-09T22:23:08+00:00\",\"dateModified\":\"2023-06-09T22:29:43+00:00\",\"breadcrumb\":{\"@id\":\"https:\\\/\\\/dra-glorialopez.com\\\/index.php\\\/sobre-mi\\\/#breadcrumb\"},\"inLanguage\":\"es\",\"potentialAction\":[{\"@type\":\"ReadAction\",\"target\":[\"https:\\\/\\\/dra-glorialopez.com\\\/index.php\\\/sobre-mi\\\/\"]}]},{\"@type\":\"ImageObject\",\"inLanguage\":\"es\",\"@id\":\"https:\\\/\\\/dra-glorialopez.com\\\/index.php\\\/sobre-mi\\\/#primaryimage\",\"url\":\"https:\\\/\\\/dra-glorialopez.com\\\/wp-content\\\/uploads\\\/2023\\\/06\\\/WhatsApp-Image-2023-06-08-at-1.28.39-PM-1-1-1024x1024.jpeg\",\"contentUrl\":\"https:\\\/\\\/dra-glorialopez.com\\\/wp-content\\\/uploads\\\/2023\\\/06\\\/WhatsApp-Image-2023-06-08-at-1.28.39-PM-1-1-1024x1024.jpeg\"},{\"@type\":\"BreadcrumbList\",\"@id\":\"https:\\\/\\\/dra-glorialopez.com\\\/index.php\\\/sobre-mi\\\/#breadcrumb\",\"itemListElement\":[{\"@type\":\"ListItem\",\"position\":1,\"name\":\"Home\",\"item\":\"https:\\\/\\\/dra-glorialopez.com\\\/\"},{\"@type\":\"ListItem\",\"position\":2,\"name\":\"Sobre mi\"}]},{\"@type\":\"WebSite\",\"@id\":\"https:\\\/\\\/dra-glorialopez.com\\\/#website\",\"url\":\"https:\\\/\\\/dra-glorialopez.com\\\/\",\"name\":\"Dra. Gloria Lopez\",\"description\":\"Medicina Est\u00e9tica y Holistica\",\"potentialAction\":[{\"@type\":\"SearchAction\",\"target\":{\"@type\":\"EntryPoint\",\"urlTemplate\":\"https:\\\/\\\/dra-glorialopez.com\\\/?s={search_term_string}\"},\"query-input\":{\"@type\":\"PropertyValueSpecification\",\"valueRequired\":true,\"valueName\":\"search_term_string\"}}],\"inLanguage\":\"es\"}]}<\/script>\n<!-- \/ Yoast SEO Premium plugin. -->","yoast_head_json":{"title":"Sobre mi - Dra. Gloria Lopez","robots":{"index":"index","follow":"follow","max-snippet":"max-snippet:-1","max-image-preview":"max-image-preview:large","max-video-preview":"max-video-preview:-1"},"canonical":"https:\/\/dra-glorialopez.com\/index.php\/sobre-mi\/","og_locale":"es_ES","og_type":"article","og_title":"Sobre mi","og_description":"GLORIA AMPARO LOPEZ ROJAS ESPECIALIDAD : MEDICINA INTEGRATIVA, MEDICINA Y CIRUGIA EST\u00c9TICA, FARMACOLOG\u00cdA DEPORTIVA M\u00e9dica cirujana de la Universidad libre de Cali, con estudios en medicina integrativa entendi\u00e9ndose est\u00e1 como una medicina que engloba la medicina convencional y la natural para incentivar el proceso de autocuraci\u00f3n de nuestro organismo y sin restar importancia \u00a0 a [&hellip;]","og_url":"https:\/\/dra-glorialopez.com\/index.php\/sobre-mi\/","og_site_name":"Dra. Gloria Lopez","article_modified_time":"2023-06-09T22:29:43+00:00","og_image":[{"url":"https:\/\/dra-glorialopez.com\/wp-content\/uploads\/2023\/06\/WhatsApp-Image-2023-06-08-at-1.28.39-PM-1-1-1024x1024.jpeg","type":"","width":"","height":""}],"twitter_card":"summary_large_image","twitter_misc":{"Tiempo de lectura":"2 minutos"},"schema":{"@context":"https:\/\/schema.org","@graph":[{"@type":"WebPage","@id":"https:\/\/dra-glorialopez.com\/index.php\/sobre-mi\/","url":"https:\/\/dra-glorialopez.com\/index.php\/sobre-mi\/","name":"Sobre mi - Dra. Gloria Lopez","isPartOf":{"@id":"https:\/\/dra-glorialopez.com\/#website"},"primaryImageOfPage":{"@id":"https:\/\/dra-glorialopez.com\/index.php\/sobre-mi\/#primaryimage"},"image":{"@id":"https:\/\/dra-glorialopez.com\/index.php\/sobre-mi\/#primaryimage"},"thumbnailUrl":"https:\/\/dra-glorialopez.com\/wp-content\/uploads\/2023\/06\/WhatsApp-Image-2023-06-08-at-1.28.39-PM-1-1-1024x1024.jpeg","datePublished":"2023-06-09T22:23:08+00:00","dateModified":"2023-06-09T22:29:43+00:00","breadcrumb":{"@id":"https:\/\/dra-glorialopez.com\/index.php\/sobre-mi\/#breadcrumb"},"inLanguage":"es","potentialAction":[{"@type":"ReadAction","target":["https:\/\/dra-glorialopez.com\/index.php\/sobre-mi\/"]}]},{"@type":"ImageObject","inLanguage":"es","@id":"https:\/\/dra-glorialopez.com\/index.php\/sobre-mi\/#primaryimage","url":"https:\/\/dra-glorialopez.com\/wp-content\/uploads\/2023\/06\/WhatsApp-Image-2023-06-08-at-1.28.39-PM-1-1-1024x1024.jpeg","contentUrl":"https:\/\/dra-glorialopez.com\/wp-content\/uploads\/2023\/06\/WhatsApp-Image-2023-06-08-at-1.28.39-PM-1-1-1024x1024.jpeg"},{"@type":"BreadcrumbList","@id":"https:\/\/dra-glorialopez.com\/index.php\/sobre-mi\/#breadcrumb","itemListElement":[{"@type":"ListItem","position":1,"name":"Home","item":"https:\/\/dra-glorialopez.com\/"},{"@type":"ListItem","position":2,"name":"Sobre mi"}]},{"@type":"WebSite","@id":"https:\/\/dra-glorialopez.com\/#website","url":"https:\/\/dra-glorialopez.com\/","name":"Dra. Gloria Lopez","description":"Medicina Est\u00e9tica y Holistica","potentialAction":[{"@type":"SearchAction","target":{"@type":"EntryPoint","urlTemplate":"https:\/\/dra-glorialopez.com\/?s={search_term_string}"},"query-input":{"@type":"PropertyValueSpecification","valueRequired":true,"valueName":"search_term_string"}}],"inLanguage":"es"}]}},"_links":{"self":[{"href":"https:\/\/dra-glorialopez.com\/index.php\/wp-json\/wp\/v2\/pages\/273","targetHints":{"allow":["GET"]}}],"collection":[{"href":"https:\/\/dra-glorialopez.com\/index.php\/wp-json\/wp\/v2\/pages"}],"about":[{"href":"https:\/\/dra-glorialopez.com\/index.php\/wp-json\/wp\/v2\/types\/page"}],"author":[{"embeddable":true,"href":"https:\/\/dra-glorialopez.com\/index.php\/wp-json\/wp\/v2\/users\/1"}],"replies":[{"embeddable":true,"href":"https:\/\/dra-glorialopez.com\/index.php\/wp-json\/wp\/v2\/comments?post=273"}],"version-history":[{"count":19,"href":"https:\/\/dra-glorialopez.com\/index.php\/wp-json\/wp\/v2\/pages\/273\/revisions"}],"predecessor-version":[{"id":295,"href":"https:\/\/dra-glorialopez.com\/index.php\/wp-json\/wp\/v2\/pages\/273\/revisions\/295"}],"wp:attachment":[{"href":"https:\/\/dra-glorialopez.com\/index.php\/wp-json\/wp\/v2\/media?parent=273"}],"curies":[{"name":"wp","href":"https:\/\/api.w.org\/{rel}","templated":true}]}}